75/27 - (-2)/9 is divided by f.
1
Suppose g - 12 = -5*o, 2*o - o - g - 6 = 0. Let p be ((-4)/o)/(2/(-6)). What is the remainder when 3/1 - (-8)/p is divided by 3?
2
What is the remainder when (0 + 0 - 8/(-16))*292 is divided by 37?
35
Suppose -2*m - 3 = -5*o, 3*m + 3 = -o + 7. Calculate the remainder when o is divided by 1/2*(2 - 0).
0
Suppose 4*p + 0*p = -4*d + 36, p = -3. Suppose -6*a = c - 2*a + 3, -3*a - d = 0. Calculate the remainder when 24 is divided by c.
11
Suppose 5*z - 21 = 89. Calculate the remainder when z is divided by 5.
2
Let o(f) be the first derivative of 4*f**2 - f + 2. Let x be o(2). Let h = x - 5. What is the remainder when 18 is divided by h?
8
Suppose -u + 0*u + 5 = 0. Suppose -2*p - 4 = 5*t + 1, 45 = u*p + t. Calculate the remainder when 17 is divided by p.
7
Let b = -78 + 165. Calculate the remainder when b is divided by 44.
43
What is the remainder when 109 is divided by (56/6)/((-12)/(-18))?
11
Let j(c) = -13*c**3 + c**2 + 2*c + 1. Suppose 3 = v, 4*a - 3*v = 17 + 2. What is the remainder when j(-1) is divided by a?
6
Let r(k) = -2*k - 7. Let u be r(-5). Suppose u*b + 127 = 4*x + 2*b, -109 = -4*x - 5*b. Calculate the remainder when x is divided by 11.
9
Suppose -w = 2*w + 6. Suppose n - 10 = -n. Calculate the remainder when 22 is divided by n - (6/w)/3.
4
Let z be -74 - 0/(1 + 1). Let p = -41 - z. Suppose -b = 2*b - p. What is the remainder when b is divided by 6?
5
Let d be 0 - 1 - (-10)/(-2). Let n = d + 21. Let t(y) = 5*y**3 - 4*y**2 + 3*y - 1. Calculate the remainder when t(2) is divided by n.
14
Suppose k + 67 = 4*x, -6*k + 2*k = -3*x + 34. Calculate the remainder when x is divided by 6.
0
Let c = -46 - -111. What is the remainder when c is divided by 6?
5
Let z = 22 + -15. Suppose 3*g + 2*g = 5. Let h = 2 + g. What is the remainder when z is divided by h?
1
Let i = -9 - -6. Calculate the remainder when (18/4)/(i/(-6)) is divided by 3.
0
Let w(g) = 11*g. Let a(l) = 23*l + 1. Let x(q) = 2*a(q) - 5*w(q). Calculate the remainder when 32 is divided by x(-1).
10
Let j(y) = 6*y**2 - 5*y + 10. What is the remainder when j(4) is divided by 29?
28
Let t(d) be the first derivative of -d**3/3 + 9*d**2/2 - 5*d + 2. Calculate the remainder when 8 is divided by t(8).
2
Let d = 55 + 3. Let a(b) = b**2 - 22*b + 15. Calculate the remainder when d is divided by a(22).
13
Let h(m) be the third derivative of m**6/120 + m**5/12 - 7*m**4/24 + 3*m**3/2 - 5*m**2. What is the remainder when 24 is divided by h(-6)?
9
Let s be (-7)/2*(4 + 0). Let y = s - -46. What is the remainder when y is divided by (44/10)/((-14)/(-35))?
10
Suppose 180 = -3*p + 9*p. What is the remainder when p is divided by 11?
8
Suppose t + 2 = -4*v, 0 = 3*t + 5*v + 30 - 10. Let y = 12 + t. What is the remainder when 6 is divided by y?
0
Let t be (-4)/(-2)*(-6)/(-4). Let o = t + 0. Calculate the remainder when (-546)/(-18) + (-1)/o is divided by 16.
14
Let b(r) = r**3 + 1. Let f be b(-1). Suppose 31 = 5*x - 19. Calculate the remainder when (2 - f)*-1 - -31 is divided by x.
9
Let p(f) = f**2 + 2*f. Let q be p(-2). Let u(a) = 7*a + q*a - a - 3*a. What is the remainder when 9 is divided by u(2)?
3
Suppose 2*c - c = 5. What is the remainder when 13 is divided by c/(3 - (-6)/(-3))?
3
Let d = 12 + -4. What is the remainder when 20 is divided by d?
4
Let m(x) = x**2 + 4*x + 5. Let z = 9 + -16. Calculate the remainder when m(z) is divided by 9.
8
Calculate the remainder when 49 is divided by (-1)/2 + 108/8.
10
Let b = 38 - 4. What is the remainder when b is divided by 9?
7
Let s(p) = p**2 + 4*p + 6. Let u = 113 - 109. Calculate the remainder when s(-5) is divided by u.
3
Let s(t) = t**2 - 4. Let g be s(-3). Suppose g = -a + 2*a. What is the remainder when 9 is divided by a?
4
What is the remainder when (-2)/7 + 9/7 + 16 is divided by 9?
8
Suppose w - 4 = -0. Let n(l) = 3*l**2 - 1. Calculate the remainder when n(2) is divided by w.
3
Let a(g) = -g**2 - 5*g + 1. Let t be a(-4). Let h = 0 + t. Let k(p) = p - 3. Calculate the remainder when k(h) is divided by 2.
0
Let j = 187 - 90. Calculate the remainder when j is divided by 33.
31
Let i(o) = -27*o - 5. What is the remainder when 64 is divided by i(-1)?
20
Suppose 5*y - 2*z = 35, 2*z + 28 = 4*y - 3*z. Let r = y - 2. Calculate the remainder when r is divided by 2.
1
Let t(l) = 21*l**2 + 5*l + 5. Let w be t(-2). Suppose 5*a + 3*s - w = 73, 2*a = s + 63. Let r = 7 + 1. What is the remainder when a is divided by r?
7
Suppose -u + 2 = 0, -3*u = 4*j - 2*u - 22. Calculate the remainder when j is divided by 4.
1
Let o = -4 - -10. Calculate the remainder when 21 is divided by o.
3
Calculate the remainder when 2/4*(-316)/(-2) is divided by 20.
19
Suppose -450 = -17*a + 7*a. What is the remainder when a is divided by 26?
19
Let d = -4 + 7. Suppose 7 = 5*y - 23. Suppose 5*l + y*v - 5*v = 14, 0 = -3*l - 3*v + 18. Calculate the remainder when d is divided by l.
1
Let y = 24 - 10. Suppose 2*x = -5*d + 94 + 101, -2*x = 0. Calculate the remainder when d is divided by y.
11
Let a(k) = -k**3 - k - 1. Let o be 3*((-8)/6 - 2). Calculate the remainder when 4/10 - 166/o is divided by a(-2).
8
Suppose -45*g + 184 = -37*g. What is the remainder when 135 is divided by g?
20
Let r = -10 - -5. What is the remainder when 46 is divided by (-3 - r)/(1/12)?
22
Let i(a) = a**2 - 26*a - 1. What is the remainder when 102 is divided by i(27)?
24
Let w be 6/4*(-8)/6. Let n(f) = 3*f - 1. What is the remainder when -2 + 2 + w - -16 is divided by n(3)?
6
Let r = -36 + 101. Suppose 0 = -5*m + 110 - 0. Calculate the remainder when r is divided by m.
21
Let y be (2/(-6))/((-1)/6). Suppose 4*j - 221 = 5*u, -138 = -y*j + 2*u - 30. Calculate the remainder when j is divided by 13.
10
Suppose -5*d + d = -2*r - 12, -15 = -5*d + 4*r. Suppose -3*w + 0*w = -6. Suppose 0 = w*q + d*q - 25. Calculate the remainder when q is divided by 2.
1
Let j = 56 + -33. Calculate the remainder when 68 is divided by j.
22
Let x = -3 - -5. Suppose -x*s = s - 27. Let r = s + 1. What is the remainder when 17 is divided by r?
7
Let g be (-6)/4*(-1 + -9). Let h = -6 + g. What is the remainder when (-118)/(-8) + (-1)/(-4) is divided by h?
6
Let u(p) = -p**2 + 3*p + 3. Let n be u(3). Let m(j) = -7*j**2 + 0*j**n + 0 + 9*j + j**3 - 6. What is the remainder when 35 is divided by m(6)?
11
Let p = 14 - 9. Suppose 55 = p*a - 15. Suppose 0 = -4*r + 114 - 6. Calculate the remainder when r is divided by a.
13
Let u(k) be the second derivative of k**5/20 - k**4/6 - 5*k**3/6 + 3*k**2/2 + 3*k. What is the remainder when u(4) is divided by 8?
7
Suppose -2*n = 2*n. Suppose b - k - 4 = n, k + k = -3*b + 7. Suppose g = -b*g + 124. What is the remainder when g is divided by 11?
9
Suppose -24 = -2*l - 0. Calculate the remainder when 23 is divided by l.
11
Let z be 12*(-1)/(-2)*1. Suppose 2*l - z = 24. Calculate the remainder when l is divided by 8.
7
Let z = 48 + -10. Calculate the remainder when z is divided by 13.
12
Suppose 2*l = -t + 81, 0 = -4*l + 3*t + 212 - 35. Suppose 68 = -0*j + 4*j + 2*z, j + 5*z - 35 = 0. What is the remainder when l is divided by j?
12
Calculate the remainder when 822/14 - (3 - 161/49) is divided by 10.
9
Let d = 40 + -7. What is the remainder when d is divided by 12?
9
Let r(j) be the third derivative of 2*j**5/15 - j**4/6 + j**3/6 - 3*j**2. What is the remainder when r(-2) is divided by 15?
11
Let v = -11 + 22. Let n(g) = g**3 + 7*g**2 + 6*g + 3. Let w be n(-6). Let h = w + v. Calculate the remainder when 26 is divided by h.
12
Let c = -87 + 104. What is the remainder when c is divided by 14?
3
Let i(t) = 5*t**3 - 21*t**2 - 15*t. Let d(k) = -k**3 + 4*k**2 + 3*k. Let j(c) = -11*d(c) - 2*i(c). Calculate the remainder when 59 is divided by j(4).
19
Let x be 5/(10/12) + -3. Let l = x - -2. What is the remainder when l is divided by 4?
1
What is the remainder when 21 is divided by (-12)/5*(4 - 9)?
9
Suppose y - 25 = 2. Calculate the remainder when 69 is divided by y.
15
Let w(m) be the second derivative of -m**3/2 - 3*m**2/2 + 3*m. What is the remainder when w(-8) is divided by 11?
10
Let n(x) = 4*x - 1. Let u be n(-1). Let a = u + 30. What is the remainder when 74 is divided by a?
24
Let o(c) = -56*c - 4. Calculate the remainder when o(-2) is divided by 37.
34
Suppose -5*j + 0 = 2*z - 2, 2